t s = h + 5. Let f = 18 + s. Calculate the highest common divisor of 22 and f.
11
Let i(q) = -10*q**2 + 40*q. Let x be i(4). Let j be (-504)/63 - (-140 + x). Calculate the greatest common factor of j and 33.
33
Let u(s) = -16*s + 36. Let p be u(2). Suppose -20 + 28 = -p*k, -2*r + 4*k + 48 = 0. What is the greatest common divisor of r and 56?
4
Let m be 397 + -1 + 105/7. What is the highest common divisor of m and 6?
3
Let n = -697 - -705. Let k be (-1)/2 - (-4250)/20. Suppose 3*w - 4*f - k = 0, 0 = w + f + 3*f - 76. Calculate the greatest common factor of n and w.
8
Suppose 459 = 5*q - 267 + 271. Calculate the highest common factor of q and 1113.
7
Let t be (-4)/(-1) + 7/(-2 + -5). Let s = -32 + 23. Let b be s*13/((t - 0)*-1). What is the greatest common factor of b and 52?
13
Suppose 38*v + 32*v = 7*v + 681030. What is the highest common divisor of v and 47?
47
Let d(o) = 256*o + 305. Let w be d(0). Calculate the greatest common factor of 244 and w.
61
Suppose -g - 4*g = -30. Suppose g = -2*j + 10. Let m be (j - 3 - (6 - 4))*-6. Calculate the highest common divisor of 18 and m.
18
Let i(w) = 4*w**2 - 7*w - 13. Let p(n) = -n - 1. Let s be p(-10). Let m be i(s). Calculate the highest common divisor of m and 31.
31
Let h = 30508 + -30007. What is the highest common factor of 2839 and h?
167
Let q = 81 - 194. Let d = 125 + q. What is the highest common factor of 33 and d?
3
Let i(m) = -11*m + 269. Let n be i(15). Suppose 2*x + 2*x = -148. Let g = -24 - x. What is the highest common divisor of n and g?
13
Suppose -19 = -2*n - 33. Let i(q) = q**3 + 7*q**2 + 2. Let l be i(n). Calculate the highest common divisor of l and 6.
2
Let y(g) = 35*g**2 + 5*g - 20. Let t be y(7). Calculate the highest common factor of 90 and t.
10
Let i be (-18)/(-6) + (11 - 1). Let h(y) = 12*y - i*y + 2*y + 38. Let d be h(-12). What is the greatest common divisor of d and 65?
13
Suppose 0 = 3*i + 3*k - 51, 5730 - 5727 = -i + k. Let t = 391 + -279. What is the highest common divisor of i and t?
7
Let p(v) = -5*v - 35. Let f be p(-8). Suppose 0 = f*y - 7*y + 4. Let c be -5*((-2)/y - (2 + -2)). What is the greatest common factor of 10 and c?
5
Suppose -5*a + 22 = 2*r, 18 = r - 5*a + 4*a. Suppose -2*u - 5*x = 3*u - 310, -5*u + 5*x = -410. What is the highest common divisor of u and r?
8
Suppose -2*l + 3*c + 7 - 3 = 0, -c = -l + 2. Let o be 405/13 - ((-112)/(-52) - l). What is the greatest common factor of 279 and o?
31
Let f(n) = -n**2 - 53*n - 462. Let u be f(-28). Calculate the highest common divisor of u and 742.
14
Suppose -1905 - 2127 = 1187*p - 1215*p. What is the highest common divisor of p and 3384?
72
Suppose 2*f + 19186 = 5*o, 0 = -103*o + 108*o - f - 19188. What is the highest common factor of 190 and o?
38
Let v = -30 + 30. Suppose v = -5*g - 18 - 2. Let w = g + 15. Calculate the greatest common divisor of w and 33.
11
Let g(n) = -n. Let f(v) = 3*v - 14. Let s(x) = f(x) - 6*g(x). Let c be s(2). What is the highest common factor of c and 1?
1
Let j be 54/(-10)*(-19 + 448/42). Calculate the greatest common divisor of 2664 and j.
9
Let n = 13 - 8. Suppose -20*v = -5682 - 2458. Suppose 6*w + v = 647. What is the greatest common factor of n and w?
5
Suppose -3266*w = -3255*w - 121. What is the greatest common factor of w and 781?
11
Let f be (-216)/90*(-15640)/16. Calculate the greatest common factor of 408 and f.
102
Suppose 0 = 318*n - 319*n + 1. Let i(r) = 155*r - 3. Let u be i(n). Suppose 5*h - 173 - 17 = 0. Calculate the greatest common factor of u and h.
38
Suppose -4210 = 5*d - 2*j - 12938, 5*j - 3526 = -2*d. Calculate the greatest common divisor of 828 and d.
92
Suppose 64*f - 63*f + 5*x + 8 = 0, 3*f + 5*x = -4. What is the greatest common divisor of 586 and f?
2
Let x = 1 - -3. Suppose i = x*g - i - 6, 3*i - 3 = 2*g. Let b(d) = 26*d**3 + 3*d**2 - 3*d + 1. Let c be b(1). Calculate the greatest common divisor of g and c.
3
Suppose 3363 - 3183 = 2*k. Let y(c) = c**2 + 12*c + 16. Let h be y(-11). Let v be (h - -1)/(6/9). What is the greatest common divisor of v and k?
9
Suppose -12*p - 528 = -24*p. Let b(a) be the third derivative of -a**4/12 - 5*a**3/6 + a**2. Let g be b(-8). What is the highest common divisor of g and p?
11
Suppose -6*q - 42 - 6 = 0. Let z be (5 - (-36)/q)*6/3. Calculate the greatest common divisor of z and 9.
1
Let s(m) = 7*m**2 + 50*m - 6. Let j be s(7). Let c = 752 - j. Calculate the highest common divisor of c and 52.
13
Let l be (0 + 6)/(-6)*-77. Calculate the highest common divisor of 704 and l.
11
Suppose 0 = 4*s + 3*q - 1056, 2*s + 792 = 5*s + 5*q. Let i be 28/(-6) + 3 - 2/(-3). Let j be (27 - i) + 85/17. What is the highest common divisor of s and j?
33
Suppose -4*y - 5*t + 24 = 0, t = y + 3*y - 24. Suppose b + 10 = y*b. Let m = 8 + b. What is the highest common divisor of m and 90?
10
Let r(i) = 6*i**2 + 176*i + 1140. Let f be r(-8). What is the highest common factor of f and 2117?
29
Suppose -21*b + 1234 = 394. Calculate the highest common divisor of 2060 and b.
20
Suppose v = 7*v + 258. Let f = -52 - v. Let r be 3*(-3)/f*17. What is the greatest common factor of r and 68?
17
Let k = 56 - 49. Let u be (-2)/k*-1*749. Suppose -3*d + 5*t = -180, 4*d = -5*t + 3*t + u. What is the highest common factor of d and 11?
11
Let u be 9/((-2)/(4 - 6)). Let o be 1/(-2)*(8/(-2) + -1724). Suppose o = 11*b - 3*b. What is the greatest common divisor of u and b?
9
Let z(p) = p**2 + 2*p - 3. Let d be z(4). Let f = 37 - d. What is the highest common factor of 4 and f?
4
Let l = -267 + 277. Let m = 43 + -3. What is the highest common divisor of m and l?
10
Let d = 3097 + -1520. What is the greatest common factor of d and 57?
19
Let a(u) = -270*u. Let p be a(-1). Suppose 2*y = y - 120. Let z be (y/(-28))/((-5)/(-35)). Calculate the greatest common divisor of z and p.
30
Suppose -2*j - 16 = -6*j. Suppose 240 - 42 = 224*v - 922. Calculate the highest common divisor of j and v.
1
Let a(z) = -z**3 + 28*z**2 - 36*z + 120. Let c be a(20). Calculate the highest common divisor of c and 200.
200
Let f be (12/9 - 0)*147/14. Suppose 5 = 19*a - f*a. Suppose 6 = -4*s + 14. What is the highest common divisor of a and s?
1
Let b(w) = -5*w. Let l be b(-5). Suppose 16146*q - 119 = 16027*q. What is the greatest common factor of l and q?
1
Let y(u) = 2*u**3 + 18*u**2 - 28*u + 9. Let n be y(-10). Suppose 0 = -3*t - 5*g + n, 2*t + 3*g = 24 + 35. What is the highest common divisor of t and 308?
28
Suppose -169 + 32 = r - 5*t, -3*r = 5*t + 311. Let b = 192 + r. Let n = -123 + 139. Calculate the highest common divisor of b and n.
16
Suppose -b - 48 = -27. Let l be 7/b + 3268/12. What is the greatest common factor of 16 and l?
16
Let k(p) = p**2 - 16*p - 103. Suppose -s - 5*d + 41 = 0, -2*s + 1 = -s - 5*d. Let c be k(s). Calculate the highest common factor of 14 and c.
2
Let a(c) = 57*c**2 - c. Let b be a(1). Let t(i) = -2*i**3 + 11*i + 29. Let l be t(-5). What is the greatest common divisor of l and b?
56
Let m(q) = q**2 + q - 31. Let x be m(-7). Suppose 0 = -x*s + 146 + 426. Calculate the greatest common divisor of s and 6.
2
Suppose -i + 72 = -3*b, -i - 3*b + 1684 - 1570 = 0. Calculate the highest common divisor of 3 and i.
3
Let b be (-54)/21*5/(150/(-2240)). Let a = b - 170. What is the greatest common factor of 2 and a?
2
Let m be (16/10)/((-348)/(-60) + -6). Let h be 6/8 + (-90)/m. What is the greatest common factor of h and 348?
12
Suppose 27 + 81 = -4*i. Let r = i - -38. Let d be (0 - 4)*(6 - r). What is the highest common divisor of d and 60?
20
Let b be 1 - -1 - (-13 + -53). Let o = b - -3. Let n = o - 26. Calculate the highest common factor of n and 30.
15
Let r(h) be the first derivative of 33*h**4/4 - h**3/3 + h**2/2 + 3*h + 19. Let c be r(2). What is the greatest common factor of 106 and c?
53
Let r be ((-914)/(-8))/(-10 + 410/40). Calculate the highest common factor of 1 and r.
1
Suppose -84*c + 83*c + 759 = 0. Suppose 5*l - 167 = x - 47, -l = -x - 28. What is the highest common factor of l and c?
23
Suppose -4*o + 34 = 14 - 12. Calculate the greatest common divisor of 1948 and o.
4
Suppose 18*s - a = 21*s - 1562, -2*a = -2*s + 1052. Calculate the highest common factor of 3 and s.
3
Let o = -33 - -36. Suppose 0 = -5*q + o*q + 2184. Suppose 3*r + 3*r = q. What is 